pose 2*f = 5*f, -3 = -u + 5*f. Let s(l) = -25*l + 3. Let o be s(-3). Suppose -u*d - 18 = -o. What is the units digit of d?
0
Suppose 4*g = -3*r + 5*r - 3772, 3*r - 3*g = 5643. What is the hundreds digit of r?
8
Suppose -k + 4 = -17. Let r = -7 + k. What is the tens digit of r?
1
Let m = -139 - -222. Let o = m - 31. What is the tens digit of o?
5
Let l = -449 + -1019. What is the tens digit of (-4)/(-30) + l/(-15)?
9
Let t(l) = -3*l**2 - 3*l + 5. Let o(p) = p**2 + p - 1. Let h(m) = -2*o(m) - t(m). Suppose -2*d = -7*d + 15. What is the units digit of h(d)?
9
Suppose 0 = -2*t + 8, -4*y = 5*t + 57 - 161. Suppose -20*w + y*w = 180. What is the units digit of w?
0
Suppose -470 + 2510 = 3*w. What is the units digit of w?
0
Let b(n) = -n**2 + n. Let r(y) = -y**2 - 6*y - 19. Let a(u) = -2*b(u) + r(u). Suppose 0 = -w + 3*f + 16, 2*w - 4*f + 9 = 3*w. What is the tens digit of a(w)?
4
Let b = -40 - -208. Let h = b + -101. What is the units digit of h?
7
Let c = 46 - -26. Let b = c + -13. Suppose -b = -2*k + 23. What is the units digit of k?
1
Suppose 4*m + 7 = 31. What is the units digit of m - -55 - (2 + 0)?
9
Let u(i) = 4*i**3 + 3*i**2 + 3*i. What is the units digit of u(4)?
6
Suppose 4*l - 1348 = -4*g, -4*g - 4*l + 1342 = -3*l. What is the units digit of g?
5
Let p = -58 + 153. Suppose i + p = -4*i. Let a = 43 + i. What is the units digit of a?
4
Let t(z) = 100*z - 2. Let c be t(-2). Let f = 285 + c. What is the units digit of f?
3
What is the thousands digit of 5/(-30)*2 - (-5674)/3?
1
Let u(z) = z + 7. Let a be u(-6). Let v be (5/15)/(a/3). Let p = v + 29. What is the units digit of p?
0
Let u be (-12)/(-5) + 12/(-30). Suppose u*s + 66 = -s. Let q = s - -36. What is the tens digit of q?
1
What is the tens digit of 1800/225 - -8*(-3050)/(-4)?
0
What is the thousands digit of (6721/26 + -4)/(1/6)?
1
What is the units digit of (-31*(-2)/(-6))/(1/(-3))?
1
Suppose -n - 383 + 456 = 0. What is the units digit of n?
3
Let m(d) = d + 2. Let g be m(-2). Suppose c = -w - g*w + 3, 4*c = 5*w - 42. Suppose -3*y + 7*x = w*x - 167, 3*y + 3*x = 147. What is the units digit of y?
4
Let t(r) = 1 + 0 + 3*r**2 - 2*r**2 - 2*r. Let c be t(3). Suppose c*k = 77 - 5. What is the tens digit of k?
1
Let y(c) = c**3 - c - 3. Let t be y(2). Suppose 5*g - t*o - 429 = 672, -661 = -3*g + 2*o. What is the hundreds digit of g?
2
Suppose -2*z + 13 = 3*x, 3*z = 4*x + x + 10. Let u be (-5 + 6)*-2 - -3. Suppose -5 = -z*m + 3*w, -2*m + 3*m - u = 4*w. What is the units digit of m?
1
Let l = 1741 + -755. What is the units digit of l?
6
Let p(t) = 88*t - 2. Suppose 5*y = 4*y + 1. What is the tens digit of p(y)?
8
Suppose -5*o - 552 + 1742 = 0. Let v = o + -134. What is the units digit of v?
4
Let f(c) = 47*c + 223. What is the hundreds digit of f(32)?
7
Let i be (-30 - -27)*(1 + 119/(-3)). Suppose f - i = 13. What is the units digit of f?
9
Let m be 21/9 + (-1)/3. Suppose m*y - 312 = -y. Suppose 2*r + 2*r = 4*g + 140, -4*g - y = -3*r. What is the units digit of r?
6
Suppose -5*x = 5*k - 70, -x + 90 = -k + 6*k. Let l = k + -13. Suppose -l = -m + 2. What is the units digit of m?
8
Suppose 310 = 5*q - 2*o - 304, 5*o = -3*q + 356. What is the units digit of q?
2
Let b(u) = -u + 6. Let a be b(6). Suppose a = -27*y + 26*y + 266. What is the tens digit of y?
6
Let a(x) = 15*x**2 - 9*x + 78. What is the tens digit of a(14)?
9
Let i(u) = -u**3 - 12*u**2 - 5*u + 3. Let j be i(-11). Let k = 73 + j. What is the units digit of k?
0
Suppose 3*a = 5*r + 4003, 5*a + r = 5*r + 6676. What is the hundreds digit of a?
3
Suppose -g - 3*r + 6 = -2*r, -3*r + 11 = -4*g. Let b(m) = 271*m + 4. What is the units digit of b(g)?
5
Let m(t) = 848*t - 26. What is the units digit of m(1)?
2
What is the units digit of (2 - (5 + -2))/((-12)/2724)?
7
Suppose -q + 5*q - n - 35 = 0, n = -2*q + 19. Let z be ((-6)/4)/(q/(-6)). What is the units digit of 0 + 4 + (1 - z)?
4
Suppose -2*w + 33 - 7 = -4*g, 3*w - 36 = 5*g. Suppose w*n - 360 = 3*n. What is the units digit of n?
0
Let x(t) = 7*t**3 - 20*t**2 + 9*t + 23. Let n(r) = r**3 - r**2 + 1. Let o(p) = -6*n(p) + x(p). What is the tens digit of o(14)?
4
Let q = 1051 - 609. What is the tens digit of q?
4
Let q(k) = -70*k**3 - 2*k**2 - 3. What is the units digit of q(-3)?
9
Suppose -2*s = -u - 2*u + 9, -u - 2 = s. Let z be 0/(3/1)*u. Suppose z = -5*l + 6*l - 50. What is the units digit of l?
0
What is the tens digit of ((-13)/20 - (-8)/32)*-600?
4
Let u(l) = 4*l**2 - 7*l + 3. Suppose 4*p = 5*f + 32, 5*p - 5*f - 16 = 3*p. What is the tens digit of u(p)?
0
Suppose 2*d = 4*w - 16 + 4, -3*w + 8 = -d. Suppose f - w = 1. What is the units digit of f?
3
Let t = -28 + 32. Suppose 0*o - t*o = -i - 191, 2*i = -3*o + 146. What is the tens digit of o?
4
Suppose 2*r = 3*n + 67, 0*n - 58 = 2*n + 2*r. What is the tens digit of 7 + -11 - 1*n?
2
Suppose 732*a = 731*a + 20. What is the units digit of a?
0
Let c(a) = -6*a. Suppose 4*v + 4*w - 9 = 3, w = -3*v + 13. Suppose 39 = -v*f - 1. What is the units digit of c(f)?
8
Let v = -368 + 523. What is the hundreds digit of v?
1
What is the units digit of -3*(-2 - (1 - 4))*-2029?
7
Suppose -56 = -18*x - 20. Let y be 3*(-2)/4*-2. Suppose -3*d - x*f + 51 = 0, -5*d + 6*d = y*f + 17. What is the tens digit of d?
1
Suppose 6*j + 8 = 4*j, -j + 4613 = 3*q. What is the thousands digit of q?
1
Suppose 6*h + o - 4 = 4*h, 4*h + 4 = -5*o. Suppose 5*a = 3*b - 9, -h*b + 4*a + 35 = 5*a. What is the units digit of b?
8
Let s be 3*56/12 + (-4)/2. What is the units digit of 747/s - 1/4?
2
Suppose 5*j + 3*i - 742 = 0, -5*j = i - 250 - 484. What is the hundreds digit of j?
1
Let t(w) = 168*w + 67. Let n be t(16). What is the tens digit of (-2)/(-4) + 6/(60/n)?
7
Suppose -6*n + 114 = -0*n. Let y = n - -64. What is the units digit of y?
3
Let n(h) = 77*h**3 - 3*h**2 + 5*h - 3. What is the units digit of n(3)?
4
Let f(o) = -2*o**2 - 12*o + 27. Let x be f(-14). What is the tens digit of 45/5 + -5 - x?
0
Let p(j) = 2*j**2 - 4*j + 6. Let u be p(3). Suppose u = -a + 3*a. Suppose h = 7 - a. What is the units digit of h?
1
Let r(z) = z**2 - 4*z + 2 + 5*z + 2. What is the units digit of r(7)?
0
Let y be -110 + (-7 - -6 - -2). Suppose 2*r = 220 + 90. Let z = y + r. What is the units digit of z?
6
Suppose -46*i - 5841 + 36385 = 0. What is the tens digit of i?
6
Let w(m) = -83*m - 34. What is the hundreds digit of w(-3)?
2
Suppose 20 = -y + 6*y. Suppose 106 = y*b - 226. What is the units digit of b?
3
Suppose 5*k - 6*k = -5. Suppose -5*b = -2*m - 0*m + 5, -5*b - 2*m - k = 0. What is the tens digit of (b - 24)/(-1) + -2?
2
Suppose -4*r = -r - 24. Let x = -5 + r. Suppose q + 21 = 4*o, x*o - 2*q + 24 = 6*o. What is the units digit of o?
6
Let s(b) = 179*b - 519. What is the hundreds digit of s(11)?
4
Suppose 12*j = 33*j - 52101. What is the hundreds digit of j?
4
Let a = -635 - -4189. What is the tens digit of a?
5
What is the tens digit of ((-11)/((-22)/2364))/2?
9
Let s(x) = -2*x**3 + 6*x**2 - 23*x - 73. What is the units digit of s(-7)?
8
Suppose 2*x - 4*y - 26 = 0, -3*y = -5*x + 48 - 11. Suppose 17 = 4*q - z + 2*z, 0 = -x*q - 4*z + 35. Suppose -q*h - 195 = -6*h. What is the units digit of h?
5
Let a be 32/80 - (178/(-5))/1. Let s = a - -22. What is the tens digit of s?
5
Let x(o) = 2*o**3 + 2*o**2 - o - 2. Let h be x(-2). What is the units digit of (h/(-10))/(12/90)?
6
Let z = 197 - 137. Suppose -z = 6*x - 4*x - 3*h, -x + 2*h = 32. Let a = -17 - x. What is the units digit of a?
7
Let t = 13 + -1. Suppose 5*h = 2*b - 104, 0*h = -3*h - t. Let j = -34 + b. What is the units digit of j?
8
Let l = -14 - -50. Suppose -v + l + 62 = 0. What is the units digit of v?
8
Let u be 128*4/24 + 6/9. What is the units digit of ((-172)/5)/(u/(-55))?
6
Suppose s - 383 = 4*j - 0, 4*j = 8. What is the tens digit of s?
9
Let h(v) = v**2 + 9*v - 4. Let n be h(-10). What is the tens digit of (n/8)/((-9)/(-900))?
7
Suppose -l + 2*p + 965 = -1394, -3*l + 7032 = 3*p. What is the tens digit of l?
4
Suppose q = 2*h + 4, 11 = 3*q + 3*h - 8*h. Suppose -2 = j + 2*f + q, 4*j + f = -16. Let c = j - -14. What is the units digit of c?
0
Suppose 5*s + 8 = -2. Let d be 3*s*(-1)/2. Suppose 77 + 43 = d*x. What is the units digit of x?
0
Suppose -3*m = -6*m - 2*j - 7, -4*m + 4*j + 24 = 0. Let h be (3 + 0)*3/m. Suppose 2*v = 